{"id":34,"date":"2025-08-01T21:05:17","date_gmt":"2025-08-01T19:05:17","guid":{"rendered":"https:\/\/grzegorzewiczlach.pl\/index.php\/o-nas\/"},"modified":"2025-08-01T21:58:05","modified_gmt":"2025-08-01T19:58:05","slug":"o-nas","status":"publish","type":"page","link":"http:\/\/grzegorzewiczlach.pl\/index.php\/front_page\/o-nas\/","title":{"rendered":"O Grzegorzewicz &amp; Lach"},"content":{"rendered":"\n<figure class=\"wp-block-pullquote alignwide has-text-align-center\"><blockquote><p><em>Nasza marka to symbol zaufania, profesjonalizmu i bezpiecze\u0144stwa w obszarze ochrony danych osobowych.<br>Tworzymy rozwi\u0105zania, kt\u00f3re realnie wspieraj\u0105 firmy w zgodnym i odpowiedzialnym przetwarzaniu danych.<br>Marka powsta\u0142a z my\u015bl\u0105 o przedsi\u0119biorcach, kt\u00f3rzy ceni\u0105 rzetelno\u015b\u0107 i kompleksow\u0105 obs\u0142ug\u0119.<br>Dzi\u0119ki do\u015bwiadczeniu i zaanga\u017cowaniu budujemy siln\u0105 pozycj\u0119 jako partner w zakresie RODO, kadr i administracji.<\/em><\/p><\/blockquote><\/figure>\n\n\n\n<p class=\"has-text-align-center has-medium-font-size\">Nasza sp\u00f3\u0142ka powsta\u0142a z potrzeby zapewnienia realnego wsparcia firmom w zakresie ochrony danych osobowych. Zauwa\u017cyli\u015bmy, \u017ce wiele przedsi\u0119biorstw boryka si\u0119 z trudno\u015bciami w prawid\u0142owym wdro\u017ceniu przepis\u00f3w RODO. Dlatego stworzyli\u015bmy zesp\u00f3\u0142 specjalist\u00f3w, kt\u00f3ry pomaga firmom dzia\u0142a\u0107 legalnie, bezpiecznie i \u015bwiadomie. Naszym celem jest nie tylko spe\u0142nienie wymog\u00f3w formalnych, ale przede wszystkim budowanie zaufania i odpowiedzialno\u015bci wobec danych. Od pocz\u0105tku dzia\u0142alno\u015bci stawiamy na rzetelno\u015b\u0107, profesjonalizm i indywidualne podej\u015bcie do ka\u017cdego klienta. Wspieramy firmy zar\u00f3wno przy wdro\u017ceniu RODO, jak i w codziennym utrzymaniu zgodno\u015bci z przepisami. Tworzymy dokumentacj\u0119, przeprowadzamy audyty, prowadzimy szkolenia i pe\u0142nimy funkcj\u0119 Inspektora Ochrony Danych. Nasze dzia\u0142ania s\u0105 oparte na aktualnych przepisach i najlepszych praktykach bran\u017cowych. Pomagamy unika\u0107 b\u0142\u0119d\u00f3w, minimalizowa\u0107 ryzyka i skutecznie przygotowa\u0107 si\u0119 na ewentualne kontrole. Sp\u00f3\u0142ka zosta\u0142a powo\u0142ana z misj\u0105 wspierania przedsi\u0119biorc\u00f3w i budowania kultury odpowiedzialnego przetwarzania danych osobowych.<\/p>\n","protected":false},"excerpt":{"rendered":"<p>Nasza marka to symbol zaufania, profesjonalizmu i bezpiecze\u0144stwa w obszarze ochrony danych osobowych.Tworzymy rozwi\u0105zania, kt\u00f3re realnie wspieraj\u0105 firmy w zgodnym i odpowiedzialnym przetwarzaniu danych.Marka powsta\u0142a z my\u015bl\u0105 o przedsi\u0119biorcach, kt\u00f3rzy ceni\u0105 rzetelno\u015b\u0107 i kompleksow\u0105 obs\u0142ug\u0119.Dzi\u0119ki do\u015bwiadczeniu i zaanga\u017cowaniu budujemy siln\u0105 pozycj\u0119 jako partner w zakresie RODO, kadr i administracji. Nasza sp\u00f3\u0142ka powsta\u0142a z potrzeby zapewnienia [&hellip;]<\/p>\n","protected":false},"author":1,"featured_media":0,"parent":10,"menu_order":0,"comment_status":"closed","ping_status":"closed","template":"full-width","meta":{"saved_in_kubio":true,"footnotes":""},"class_list":["post-34","page","type-page","status-publish","hentry"],"kubio_ai_page_context":{"short_desc":"","purpose":"general"},"_links":{"self":[{"href":"http:\/\/grzegorzewiczlach.pl\/index.php\/wp-json\/wp\/v2\/pages\/34","targetHints":{"allow":["GET"]}}],"collection":[{"href":"http:\/\/grzegorzewiczlach.pl\/index.php\/wp-json\/wp\/v2\/pages"}],"about":[{"href":"http:\/\/grzegorzewiczlach.pl\/index.php\/wp-json\/wp\/v2\/types\/page"}],"author":[{"embeddable":true,"href":"http:\/\/grzegorzewiczlach.pl\/index.php\/wp-json\/wp\/v2\/users\/1"}],"replies":[{"embeddable":true,"href":"http:\/\/grzegorzewiczlach.pl\/index.php\/wp-json\/wp\/v2\/comments?post=34"}],"version-history":[{"count":7,"href":"http:\/\/grzegorzewiczlach.pl\/index.php\/wp-json\/wp\/v2\/pages\/34\/revisions"}],"predecessor-version":[{"id":107,"href":"http:\/\/grzegorzewiczlach.pl\/index.php\/wp-json\/wp\/v2\/pages\/34\/revisions\/107"}],"up":[{"embeddable":true,"href":"http:\/\/grzegorzewiczlach.pl\/index.php\/wp-json\/wp\/v2\/pages\/10"}],"wp:attachment":[{"href":"http:\/\/grzegorzewiczlach.pl\/index.php\/wp-json\/wp\/v2\/media?parent=34"}],"curies":[{"name":"wp","href":"https:\/\/api.w.org\/{rel}","templated":true}]}}

<figure class="wp-block-pullquote alignwide has-text-align-center"><blockquote><p><em>Nasza marka to symbol zaufania, profesjonalizmu i bezpieczeństwa w obszarze ochrony danych osobowych.<br>Tworzymy rozwiązania, które realnie wspierają firmy w zgodnym i odpowiedzialnym przetwarzaniu danych.<br>Marka powstała z myślą o przedsiębiorcach, którzy cenią rzetelność i kompleksową obsługę.<br>Dzięki doświadczeniu i zaangażowaniu budujemy silną pozycję jako partner w zakresie RODO, kadr i administracji.</em></p></blockquote></figure>



<p class="has-text-align-center has-medium-font-size">Nasza spółka powstała z potrzeby zapewnienia realnego wsparcia firmom w zakresie ochrony danych osobowych. Zauważyliśmy, że wiele przedsiębiorstw boryka się z trudnościami w prawidłowym wdrożeniu przepisów RODO. Dlatego stworzyliśmy zespół specjalistów, który pomaga firmom działać legalnie, bezpiecznie i świadomie. Naszym celem jest nie tylko spełnienie wymogów formalnych, ale przede wszystkim budowanie zaufania i odpowiedzialności wobec danych. Od początku działalności stawiamy na rzetelność, profesjonalizm i indywidualne podejście do każdego klienta. Wspieramy firmy zarówno przy wdrożeniu RODO, jak i w codziennym utrzymaniu zgodności z przepisami. Tworzymy dokumentację, przeprowadzamy audyty, prowadzimy szkolenia i pełnimy funkcję Inspektora Ochrony Danych. Nasze działania są oparte na aktualnych przepisach i najlepszych praktykach branżowych. Pomagamy unikać błędów, minimalizować ryzyka i skutecznie przygotować się na ewentualne kontrole. Spółka została powołana z misją wspierania przedsiębiorców i budowania kultury odpowiedzialnego przetwarzania danych osobowych.</p>

<p>Nasza marka to symbol zaufania, profesjonalizmu i bezpieczeństwa w obszarze ochrony danych osobowych.Tworzymy rozwiązania, które realnie wspierają firmy w zgodnym i odpowiedzialnym przetwarzaniu danych.Marka powstała z myślą o przedsiębiorcach, którzy cenią rzetelność i kompleksową obsługę.Dzięki doświadczeniu i zaangażowaniu budujemy silną pozycję jako partner w zakresie RODO, kadr i administracji. Nasza spółka powstała z potrzeby zapewnienia [&hellip;]</p>
